f 10 + (-26 - -11) + 9 - 10?
-6
What is the value of -9 + (-15 - -17 - 6)?
-13
What is the value of -5 + (-4 - 4) + -1 + 1?
-13
What is the value of 8 + 13 + -21 - (6 - 0)?
-6
Evaluate -7 - -1 - (10 - (-13 + 62 + -6)).
27
Evaluate -2 + (9 - 8) + 1 - (-1 - 11).
12
What is -9 + (-69 + 115 - (-1 + -1))?
39
What is 1 - 24 - (-10 + 11 + 3 + -10)?
-17
What is -2 + -6 + 7 - 3?
-4
What is the value of 27 - (-26 - (-39 - 25))?
-11
Calculate (-10 - (-8 - -3) - -8) + (-12 - 2).
-11
What is 2 + 15 + -23 + 8?
2
(8 - (3 + 2)) + (1 - (-15 - -16))
3
What is -12 - (3 + 1) - (0 - 7 - -6)?
-15
Evaluate -11 + (6 + -9 + 6 - -5).
-3
What is the value of (13 - 17) + (1 - -13 - 1)?
9
Calculate 4 - (13 - -1) - (-5 + -6).
1
What is -6 + 6 + -3 - (-12 + 8 - -1)?
0
-22 + 17 - (0 - 19) - 7 - 13
-6
Calculate 3 - 12 - (16 + -4 - 8).
-13
What is the value of 64 + -120 - -73 - (41 + 1)?
-25
Calculate -9 + 38 + 8 + -27.
10
What is (-6 + -9 - (-16 - -19)) + -9?
-27
What is the value of 4 + (0 + 6 - (0 - -2)) + 4?
12
What is the value of 25 - 24 - (-3 + (-3 - 4))?
11
Calculate (-1 - (2 - 3) - (-91 - -81)) + 5.
15
12 + 0 + 4 + -11
5
Calculate -22 + -5 - 2 - -33.
4
Evaluate (-17 - -9) + 8 - (-10 + 8).
2
Evaluate (22 + -4 - (1 - -1)) + -28 + 24.
12
Evaluate (12 - 22) + (-5 - -1).
-14
Evaluate 1 - ((0 - 5) + (72 - 57)).
-9
What is (-2 + 3 - (-10 - -6)) + -15 + 14?
4
Evaluate -12 - (-9 + 7) - (5 + -6 + -4).
-5
Calculate -9 - (-17 - (-28 + 24)).
4
What is the value of -7 + (-8 - -3) + 8 + 7 + -1?
2
Evaluate 0 + -1 + 7 - (9 - (18 - 7)).
8
What is the value of (-1 - -8) + 0 - (1809 + -1811)?
9
What is (-7 - 8) + (11 - -4)?
0
What is 3 + (2 - 18) + 6 + (0 - 2)?
-9
Calculate (5 - (19 + -2)) + -1.
-13
Calculate -11 - (-40 + 1 - (-15 + 3)).
16
What is 13 - (-29 + 46 - (12 + -8))?
0
What is (20 - 9 - 16) + -1?
-6
Calculate 14 + -2 + -26 - 16.
-30
(-28 - -12) + (-2 - -8) - -6
-4
2 + (-1 - -4) - (121 - 110)
-6
What is the value of -20 + 10 + 14 - 3?
1
(7 - 11) + 9 - -3
8
Calculate 1076 + -1077 - (-1 - 0 - 0).
0
What is 0 + -22 + (-133 - -133)?
-22
-22 + (9 - (-16 + 42) - -9)
-30
What is the value of -27 + (-3 - -11 - (14 - 19))?
-14
Evaluate -17 + 10 + -6 - -7.
-6
Calculate -155 + 160 - (22 + -2).
-15
Calculate (1 - (-4 - -4)) + 2 + (5 - 13).
-5
0 + -21 + -53 + (-38 - -102)
-10
Evaluate -3 - (-2 - -1) - (28 + -46 + 24).
-8
Evaluate (-7 - -20) + -8 + -2.
3
Calculate -12 + (-30 - -16 - -30).
4
What is the value of 13 + -22 + (21 - 32)?
-20
What is the value of -6 - (-22 + -7 - -6) - 10?
7
Calculate -16 + 11 + 17 - 12.
0
What is 5 + (5 - (4 + 17))?
-11
What is 2 + 4 + -9 + 1 + -2 + 4?
0
-8 + (29 - 15) - (2 + 4 - -2)
-2
Evaluate -10 - (21 + -39 - -14).
-6
Calculate (-11 - (-11 + 4 + 14)) + 1.
-17
Evaluate (-3 + 5 - 0) + -22 + -140 + 140.
-20
Calculate -29 + 10 + 15 + -12 + 1.
-15
-23 - (-11 + -17 - -14)
-9
Evaluate 5 + -7 - 3 - (9 + (12 - 9)).
-17
What is 2 - 10 - (-39 + 63 + -13)?
-19
What is the value of -4 + (-3 - (-16 + 10) - 1)?
-2
Calculate -4 - (1 + 6 + (16 + -13 - 4)).
-10
(-1 - -3) + (5 + 4 - 18 - -8)
1
-10 + -3 + 14 + 12
13
646 + -635 - ((40 - 1) + -1 + -2)
-25
What is the value of (-1 - -39) + (-7 - (3 - 8)) + 5?
41
Evaluate -22 + (9 - -2 - 2 - (-94 - -98)).
-17
(-8 - -29) + -25 - (-2 + 2 - 2)
-2
Calculate (-3 + -1 - (63 - 73)) + -3 + 2.
5
What is (-2 - (-11 - (2 - (3 + 2)))) + -11?
-5
Calculate (-32 + 9 - 1) + 14 + 9.
-1
(1 - (3 + -4)) + (16 - 27)
-9
What is the value of 3 - (-5 + -8 + -5 + (-1 - 4))?
26
Calculate -8 + 15 - 2 - (-8 + 7).
6
(-4 - ((-12 - 4) + 6)) + (8 - 0)
14
What is -1 - (9 + -7) - (-4 + -3)?
4
What is -38 + (-18 - (-26 + 10))?
-40
What is the value of -22 - (-10 + -23 + 7)?
4
What is -3 + 20 + (-17 + 31 - 21)?
10
(-4 - -1 - (-18 + 11)) + -18
-14
Calculate 14 - (47 + (3 - 2 - 11)).
-23
Calculate 25 - (-26 + 8 + 30).
13
Evaluate 15 + 9 + (-40 - -11).
-5
13 + 1 + (-23 - -9)
0
What is (5 - (1 - 0)) + (-6 - -25) + -12?
11
What is -69 + 62 - (12 - -5)?
-24
Evaluate -59 + 2 + (-128 - -155).
-30
What is 309 + -333 - ((-1 - 2) + -10)?
-11
-4 + -1 + 44 + -59 + 23
3
Calculate -8 - (2 - -1 - 13).
2
-23 + 35 + -7 + 15
20
Calculate -10 + (8 + 0 - -5 - 8).
-5
18 + -5 - (-2 + 7 - -4)
4
Calculate 23 - (-21 + 52) - (-1 - 29).
22
What is the value of -2 + (13 - 11) - (6 - -1)?
-7
8 - (-1 - -16 - 10 - (1 - 9))
-5
What is the value of (11 - 4) + 22 - (-1 - -13) - -6?
23
What is the value of -3 + (-3 - -1) - (53 - (57 - 7))?
-8
What is 10 + (3 - (-4 - -11 - 0))?
6
What is 0 - -6 - (-24 + 53 - (8 - -1))?
-14
Evaluate (8 - (-5 + 5)) + 0 + 0.
8
-6 + (-18 - -25) + (4 - 2)
3
What is the value of (4 - (22 - 9 - (13 + -3))) + -23?
-22
What is 5 - -22 - (4 - -28)?
-5
What is the value of 10 + (-6 - (9 + -16)) - 17?
-6
Calculate 153 + -164 - (2 - 1).
-12
What is -17 - ((7 - -16) + -43)?
3
12 - 0 - (-371 + 390)
-7
What is 5 + (-57 - -56) + -5 + -2 + -7?
-10
Evaluate (-18 - (15 + -42)) + -11.
-2
Calculate -9 - (57 + -32 - 46).
12
1 - (3 - -9 - 4 - (0 - 8))
-15
-1 + -40 + 40 + -1 + -17
-19
-1 + 7 + -10 + (5 - 1 - 6)
-6
What is the value of (-2199 - -2246) + (-81 - -1)?
-33
Calculate 8 - (1 + -3) - (17 + -64 + 76).
-19
What is 228 + -214 + (9 - 4) + 0 + -2?
17
Evaluate (-8 - -1) + (4 - (-12 + 5)).
4
Calculate -2 - (-1 + -9 + -8 + 11).
5
What is -6 - ((8 - 1) + -2 + (-20 - -22))?
-13
-1 - (2 + (3 - 0 - (-4 - -15)))
5
What is the value of -48 + 12 + 28 + (-1 - -13)?
4
What is -6 - (-9 - -5) - (7 + -5 + 5)?
-9
What is the value of -10 + -6 + 12 + -1 - -1?
-4
15 - (8 - ((6 - -10) + -8))
15
Evaluate 22 + 1 + -29 + 16 - (-4 - -2).
12
Evaluate -6 + (-1 - -21) - (4 - (-2 + 1)).
9
Evaluate -38 + (-25 - -41 - -17).
-5
62 + -80 - (6 + -43)
19
Calculate 2 + 2 + -17 + 9 + 8.
4
Evaluate -8 + (13 - 11) + -1 + (-1 - 0).
-8
1851 + -1857 - (-10 + 1)
3
What is the value of (1 - -1) + (1 - 4) - (57 + -52)?
-6
Calculate -8 + 0 - ((-19 - -45) + -21) - 7.
-20
Evaluate (-2 - (-35 - -40)) + 2 + -21.
-26
What is the value of 9 - (-19 - -25 - -5)?
-2
What is -2 + 7 + (-39 - -35) - (-4 + 7)?
-2
((0 - (-5 + -1)) + -7 - 2) + 11
8
Evaluate 3 + (0 - (-7 - (-2 + -12))).
-4
What is -455 - -461 - ((0 - 12) + 2)?
16
9 - -1 - 1 - (1533 - 1508)
-16
-12 - -18 - ((0 - -6) + -20 + 19)
1
Evaluate -9 + 12 + -8 + 6 + -6.
-5
What is the value of 27 + -1 + -10 + (8 - 1) + 1?
24
Calculate 1345 + -1348 - (12 - -1 - (3 - 2)).
-15
(1 - -8) + -54 + 49 + (0 - 6)
-2
What is 5 - (23 - 16) - (15 - 8)?
-9
-453 - -454 - (-14 - 0 - -1)
14
Evaluate -20 + -10 + (-52 - -77).
-5
What is (29 - 4) + -37 - (3 - -1)?
-16
What is (-6 - -10 - 2) + (-3 - -9) + -18?
-10
What is the value of 5 + (18 - 17) + -2?
4
1 + 9 + -3 + (41 + -25 - -5)
28
What is the value of (-47 - (1 - 26)) + 3?
-19
What is -7 + -5 + 11 - (-1 - -24)?
-24
Calculate (-22 - -21) + (14 - 5).
8
What is -29 + -29 + 18 - -66?
26
9 + -15 - -5 - (3 + -16)
12
Calculate 27 + 22 + -43 - 7.
-1
-57 - -70 - (10 - 0)
3
What is the value of -9 + (28 - 58) + (3 - -3)?
-33
Evaluate 9 + -3 + -3 - ((14 - 26) + 11).
4
Evaluate (-11 - (-25 - -7)) + -36.
-29
Evaluate 3 + (21 - 34) + 0.
-10
Calculate (-1 - 11) + (-2 - 2) + 9.
-7
Calculate (2 + -4 + 2 - (14 + -26)) + 5.
17
What is the value of -20 + 3 + -25 + 14?
-28
Calculate -9 + 6 + (-1 - (1 - -2)).
-7
What is (6 - 10) + 6 + (-9 + 3 - -7)?
3
What is 7 + (-5 - 25) + (12 - 7)?
-18
2 + (7 - (21 + -9 + -7))
4
What is the value of 1 + -11 + 38 + -13 + -20?
-5
Evaluate 0 + -6 - (-3 + 4 - (-2 + -1)).
-10
Evaluate (5 - ((-7 - -9) + 1)) + -8.
-6
Calculate 13 - -1 - -2 - (-43 + -8 + 48).
19
Calculate (-10 - (5 - -3)) + 9.
-9
-62 + 42 - (4 - 14)
-10
Evaluate 5 + -2 - -13 - (0 + 1) - 2.
13
(-22 - (3 - 20)) + -1 + 20 - 4
10
What is the value of (29 - 26) + -14 - (-17 - (-3 + 3))?
6
10 + (-82 - -38) + 3
-31
Evaluate 14 + -4 + -11 + 6 + (1 - -1).
7
-2 + 1 + (-85 - -84) + -6
-8
-7 - (6 + -12 - (-4 - -7)) - -1
3
What is the value of (-10 + -30 - -22) + 48 - (11 - -1)?
18
(-15 - (-9 + -2)) + (-1 - -1)
-4
Evaluate 30 - (14 - -6) - (1 + 7).
2
Calculate -1 - (0 - ((2 - (-2 + 16)) + -2)).
-15
Calculate 32 - 2 - 12 - 11.
7
Calculate -6 - 3 - -2 - ((1 - -26) + -40).
6
What is the value of 10 + (2 - (-4 - -5)) + (-1 - -1)?
11
What is the value of 7 - 3 - ((1 - (-6 + 12)) + 22)?
-13
Evaluate 7 - (-5 + -1 + 4 + -2).
11
5 + ((0 - 8) + 5 + 0 - -2)
4
What is -1 + -14 + (56 - (12 - -39))?
-10
Ca